{"id":70,"date":"2014-09-09T21:51:16","date_gmt":"2014-09-09T20:51:16","guid":{"rendered":"http:\/\/asseda.ch\/?page_id=70"},"modified":"2014-09-21T18:08:55","modified_gmt":"2014-09-21T17:08:55","slug":"odobesti-roumanie","status":"publish","type":"page","link":"https:\/\/asseda.ch\/?page_id=70","title":{"rendered":"Odobesti &#8211; Roumanie"},"content":{"rendered":"<h5>Village pour orphelins<\/h5>\n<p><img loading=\"lazy\" decoding=\"async\" class=\"aligncenter wp-image-72 size-full\" src=\"http:\/\/asseda.ch\/wp-content\/uploads\/2014\/09\/DSC_0245-copie.jpg\" alt=\"DSC_0245 - copie\" width=\"2400\" height=\"1607\" srcset=\"https:\/\/asseda.ch\/wp-content\/uploads\/2014\/09\/DSC_0245-copie.jpg 2400w, https:\/\/asseda.ch\/wp-content\/uploads\/2014\/09\/DSC_0245-copie-300x200.jpg 300w, https:\/\/asseda.ch\/wp-content\/uploads\/2014\/09\/DSC_0245-copie-1024x685.jpg 1024w\" sizes=\"(max-width: 2400px) 100vw, 2400px\" \/><\/p>\n<p>les maisons d&#8217;habitation<\/p>\n<p><img loading=\"lazy\" decoding=\"async\" class=\"aligncenter wp-image-71 size-full\" src=\"http:\/\/asseda.ch\/wp-content\/uploads\/2014\/09\/IMGP1487-copie.jpg\" alt=\"IMGP1487 - copie\" width=\"2048\" height=\"1536\" srcset=\"https:\/\/asseda.ch\/wp-content\/uploads\/2014\/09\/IMGP1487-copie.jpg 2048w, https:\/\/asseda.ch\/wp-content\/uploads\/2014\/09\/IMGP1487-copie-300x225.jpg 300w, https:\/\/asseda.ch\/wp-content\/uploads\/2014\/09\/IMGP1487-copie-1024x768.jpg 1024w\" sizes=\"(max-width: 2048px) 100vw, 2048px\" \/><\/p>\n<p>les enfants participent aux t\u00e2ches du m\u00e9nage<\/p>\n<p><img loading=\"lazy\" decoding=\"async\" class=\"aligncenter wp-image-73 size-full\" src=\"http:\/\/asseda.ch\/wp-content\/uploads\/2014\/09\/IMGP1514-copie.jpg\" alt=\"IMGP1514 - copie\" width=\"2048\" height=\"1536\" srcset=\"https:\/\/asseda.ch\/wp-content\/uploads\/2014\/09\/IMGP1514-copie.jpg 2048w, https:\/\/asseda.ch\/wp-content\/uploads\/2014\/09\/IMGP1514-copie-300x225.jpg 300w, https:\/\/asseda.ch\/wp-content\/uploads\/2014\/09\/IMGP1514-copie-1024x768.jpg 1024w\" sizes=\"(max-width: 2048px) 100vw, 2048px\" \/><\/p>\n<p>des &#8220;parents adoptifs&#8221;<\/p>\n<p style=\"text-align: justify;\">Le &#8220;village&#8221; est constitu\u00e9 actuellement de 3 maisons d&#8217;habitation, d&#8217;une maison d&#8217;habitation-test, d&#8217;un b\u00e2timent collectif et d&#8217;un b\u00e2timent administratif. Il se situe sur un terrain agricole priv\u00e9 ; toutes les maisons sont entour\u00e9es de verdure et de nature. Chaque maison d&#8217;habitation poss\u00e8de un jardin potager \u00e0 l&#8217;arri\u00e8re destin\u00e9 \u00e0 la culture des l\u00e9gumes qui seront directement consomm\u00e9s par la maisonn\u00e9e.<\/p>\n<p style=\"text-align: justify;\">Dans chacune des maisons d&#8217;habitation vit un couple qui est salari\u00e9 pour travailler en tant que parents. Ils peuvent avoir leurs propres enfants, mais s&#8217;occupent \u00e9galement d&#8217;orphelins. Le total des enfants n&#8217;exc\u00e8de pas quinze par maison. Les parents les nourrissent, les habillent, les \u00e9duquent, les distraient comme dans une famille nombreuse.<\/p>\n<p style=\"text-align: justify;\">Ce mode de vie &#8220;familial&#8221; donne une grande stabilit\u00e9 psychique aux orphelins qui ont souvent eu des d\u00e9buts de vie dramatiques, beaucoup ont \u00e9t\u00e9 abandonn\u00e9s par des m\u00e8res tr\u00e8s jeunes, vivant dans la rue et d\u00e9j\u00e0 d\u00e9pendantes de drogues et d&#8217;alcool. La plupart ont \u00e9t\u00e9 plac\u00e9s d\u00e8s leur naissance et peuvent rester jusqu&#8217;\u00e0 leur majorit\u00e9, ou la fin de leurs \u00e9tudes, tout en ayant des rep\u00e8res aussi &#8220;normaux&#8221; que les enfants ayant eu la chance de na\u00eetre dans des familles aimantes.<\/p>\n<p style=\"text-align: justify;\">Les &#8220;parents&#8221; sont recrut\u00e9s sur r\u00e9f\u00e9rences exigeantes et passent plusieurs mois dans la maison d&#8217;habitation-test avec un groupe d&#8217;enfant pour prouver leur capacit\u00e9 \u00e0 g\u00e9rer une telle maisonn\u00e9e avec des r\u00e8gles strictes en mati\u00e8re d&#8217;hygi\u00e8ne et d&#8217;\u00e9ducation. Ils doivent se montrer particuli\u00e8rement calmes et disponibles. Si le groupe peut vivre en bonne harmonie \u00e0 long terme, ils d\u00e9m\u00e9nagent d\u00e9finitivement dans ce qui devient &#8220;leur&#8221; maison avec tout le groupe d&#8217;enfants.<\/p>\n<address>ASSEDA participe, pour une somme mensuelle de 1&#8217;000 frs, \u00e0 l&#8217;entretien complet d&#8217;une maison et de la famille qui y vit.<\/address>\n","protected":false},"excerpt":{"rendered":"<p>Village pour orphelins les maisons d&#8217;habitation les enfants participent aux t\u00e2ches du m\u00e9nage des &#8220;parents adoptifs&#8221; Le &#8220;village&#8221; est constitu\u00e9 actuellement de 3 maisons d&#8217;habitation, d&#8217;une maison d&#8217;habitation-test, d&#8217;un b\u00e2timent collectif et d&#8217;un b\u00e2timent administratif. Il se situe sur un terrain agricole priv\u00e9 ; toutes les maisons sont entour\u00e9es de\u2026 <a class=\"continue-reading-link\" href=\"https:\/\/asseda.ch\/?page_id=70\">Continue reading<\/a><\/p>\n","protected":false},"author":2,"featured_media":0,"parent":6,"menu_order":4,"comment_status":"closed","ping_status":"closed","template":"","meta":{"footnotes":""},"class_list":["post-70","page","type-page","status-publish","hentry"],"_links":{"self":[{"href":"https:\/\/asseda.ch\/index.php?rest_route=\/wp\/v2\/pages\/70"}],"collection":[{"href":"https:\/\/asseda.ch\/index.php?rest_route=\/wp\/v2\/pages"}],"about":[{"href":"https:\/\/asseda.ch\/index.php?rest_route=\/wp\/v2\/types\/page"}],"author":[{"embeddable":true,"href":"https:\/\/asseda.ch\/index.php?rest_route=\/wp\/v2\/users\/2"}],"replies":[{"embeddable":true,"href":"https:\/\/asseda.ch\/index.php?rest_route=%2Fwp%2Fv2%2Fcomments&post=70"}],"version-history":[{"count":4,"href":"https:\/\/asseda.ch\/index.php?rest_route=\/wp\/v2\/pages\/70\/revisions"}],"predecessor-version":[{"id":92,"href":"https:\/\/asseda.ch\/index.php?rest_route=\/wp\/v2\/pages\/70\/revisions\/92"}],"up":[{"embeddable":true,"href":"https:\/\/asseda.ch\/index.php?rest_route=\/wp\/v2\/pages\/6"}],"wp:attachment":[{"href":"https:\/\/asseda.ch\/index.php?rest_route=%2Fwp%2Fv2%2Fmedia&parent=70"}],"curies":[{"name":"wp","href":"https:\/\/api.w.org\/{rel}","templated":true}]}}