{"id":45,"date":"2014-09-07T21:17:20","date_gmt":"2014-09-07T20:17:20","guid":{"rendered":"http:\/\/asseda.ch\/?page_id=45"},"modified":"2015-10-12T20:55:03","modified_gmt":"2015-10-12T19:55:03","slug":"historique","status":"publish","type":"page","link":"https:\/\/asseda.ch\/?page_id=45","title":{"rendered":"Historique"},"content":{"rendered":"<p style=\"text-align: justify;\"><a href=\"http:\/\/asseda.ch\/wp-content\/uploads\/2014\/09\/IMGP1544-copie.jpg\" data-rel=\"lightbox-image-0\" data-rl_title=\"\" data-rl_caption=\"\" title=\"\"><span style=\"color: #000000;\">ASSEDA a \u00e9t\u00e9 cr\u00e9\u00e9e \u00e0 la fin de 1996, sur l&#8217;initiative de Monsieur R\u00e9my Hirschy. De retour d&#8217;un voyage en Roumanie, et suite \u00e0 une visite dans un orphelinat gouvernemental, R\u00e9my Hirschy s&#8217;est trouv\u00e9 submerg\u00e9 par l&#8217;ampleur du travail n\u00e9cessaire pour venir <\/span><\/a><span style=\"color: #000000;\">en aide au centre d&#8217;accueil des enfants abandonn\u00e9s de la ville de Campulung-Arges.<\/span><\/p>\n<p style=\"text-align: justify;\"><img loading=\"lazy\" decoding=\"async\" class=\"aligncenter wp-image-47 size-medium\" src=\"http:\/\/asseda.ch\/wp-content\/uploads\/2014\/09\/DSC_0257-copie-300x200.jpg\" alt=\"DSC_0257 - copie\" width=\"300\" height=\"200\" srcset=\"https:\/\/asseda.ch\/wp-content\/uploads\/2014\/09\/DSC_0257-copie-300x200.jpg 300w, https:\/\/asseda.ch\/wp-content\/uploads\/2014\/09\/DSC_0257-copie.jpg 929w\" sizes=\"(max-width: 300px) 100vw, 300px\" \/><\/p>\n<p style=\"text-align: justify;\">Une quinzaine d&#8217;amis se sont joints \u00e0 lui pour faire grossir une caisse commune. Aujourd&#8217;hui ASSEDA est forte d&#8217;une centaine de membres particuli\u00e8rement fid\u00e8les, puisque la majorit\u00e9 d&#8217;entre eux font partie de l&#8217;association depuis plus de dix voire m\u00eame quinze ans !<\/p>\n<p style=\"text-align: justify;\">ASSEDA ne subventionne que les projets o\u00f9 une personne de toute confiance r\u00e9ceptionne l&#8217;argent et en contr\u00f4le son utilisation. Par ailleurs, les localisations des projets sont choisies de fa\u00e7on \u00e0 permettre aux responsables de notre Comit\u00e9 d&#8217;aller sur place au moins une fois par ann\u00e9e pour \u00e9valuer les progr\u00e8s et besoins futurs.<\/p>\n<p style=\"text-align: justify;\"><em><strong>C&#8217;est pourquoi nous sommes fiers de pouvoir annoncer qu&#8217;un franc donn\u00e9 \u00e0 ASSEDA c&#8217;est un franc revers\u00e9 aux projets. Pas de frais administratifs chez nous ! L&#8217;entier des d\u00e9penses est assum\u00e9 \u00e0 titre priv\u00e9 par les membres du Comit\u00e9.<\/strong><\/em><\/p>\n","protected":false},"excerpt":{"rendered":"<p>ASSEDA a \u00e9t\u00e9 cr\u00e9\u00e9e \u00e0 la fin de 1996, sur l&#8217;initiative de Monsieur R\u00e9my Hirschy. De retour d&#8217;un voyage en Roumanie, et suite \u00e0 une visite dans un orphelinat gouvernemental, R\u00e9my Hirschy s&#8217;est trouv\u00e9 submerg\u00e9 par l&#8217;ampleur du travail n\u00e9cessaire pour venir en aide au centre d&#8217;accueil des enfants abandonn\u00e9s\u2026 <a class=\"continue-reading-link\" href=\"https:\/\/asseda.ch\/?page_id=45\">Continue reading<\/a><\/p>\n","protected":false},"author":2,"featured_media":0,"parent":8,"menu_order":2,"comment_status":"closed","ping_status":"closed","template":"","meta":{"footnotes":""},"class_list":["post-45","page","type-page","status-publish","hentry"],"_links":{"self":[{"href":"https:\/\/asseda.ch\/index.php?rest_route=\/wp\/v2\/pages\/45"}],"collection":[{"href":"https:\/\/asseda.ch\/index.php?rest_route=\/wp\/v2\/pages"}],"about":[{"href":"https:\/\/asseda.ch\/index.php?rest_route=\/wp\/v2\/types\/page"}],"author":[{"embeddable":true,"href":"https:\/\/asseda.ch\/index.php?rest_route=\/wp\/v2\/users\/2"}],"replies":[{"embeddable":true,"href":"https:\/\/asseda.ch\/index.php?rest_route=%2Fwp%2Fv2%2Fcomments&post=45"}],"version-history":[{"count":5,"href":"https:\/\/asseda.ch\/index.php?rest_route=\/wp\/v2\/pages\/45\/revisions"}],"predecessor-version":[{"id":162,"href":"https:\/\/asseda.ch\/index.php?rest_route=\/wp\/v2\/pages\/45\/revisions\/162"}],"up":[{"embeddable":true,"href":"https:\/\/asseda.ch\/index.php?rest_route=\/wp\/v2\/pages\/8"}],"wp:attachment":[{"href":"https:\/\/asseda.ch\/index.php?rest_route=%2Fwp%2Fv2%2Fmedia&parent=45"}],"curies":[{"name":"wp","href":"https:\/\/api.w.org\/{rel}","templated":true}]}}

<p style="text-align: justify;"><a href="http://asseda.ch/wp-content/uploads/2014/09/IMGP1544-copie.jpg" data-rel="lightbox-image-0" data-rl_title="" data-rl_caption="" title=""><span style="color: #000000;">ASSEDA a été créée à la fin de 1996, sur l&#8217;initiative de Monsieur Rémy Hirschy. De retour d&#8217;un voyage en Roumanie, et suite à une visite dans un orphelinat gouvernemental, Rémy Hirschy s&#8217;est trouvé submergé par l&#8217;ampleur du travail nécessaire pour venir </span></a><span style="color: #000000;">en aide au centre d&#8217;accueil des enfants abandonnés de la ville de Campulung-Arges.</span></p>
<p style="text-align: justify;"><img loading="lazy" decoding="async" class="aligncenter wp-image-47 size-medium" src="http://asseda.ch/wp-content/uploads/2014/09/DSC_0257-copie-300x200.jpg" alt="DSC_0257 - copie" width="300" height="200" srcset="https://asseda.ch/wp-content/uploads/2014/09/DSC_0257-copie-300x200.jpg 300w, https://asseda.ch/wp-content/uploads/2014/09/DSC_0257-copie.jpg 929w" sizes="(max-width: 300px) 100vw, 300px" /></p>
<p style="text-align: justify;">Une quinzaine d&#8217;amis se sont joints à lui pour faire grossir une caisse commune. Aujourd&#8217;hui ASSEDA est forte d&#8217;une centaine de membres particulièrement fidèles, puisque la majorité d&#8217;entre eux font partie de l&#8217;association depuis plus de dix voire même quinze ans !</p>
<p style="text-align: justify;">ASSEDA ne subventionne que les projets où une personne de toute confiance réceptionne l&#8217;argent et en contrôle son utilisation. Par ailleurs, les localisations des projets sont choisies de façon à permettre aux responsables de notre Comité d&#8217;aller sur place au moins une fois par année pour évaluer les progrès et besoins futurs.</p>
<p style="text-align: justify;"><em><strong>C&#8217;est pourquoi nous sommes fiers de pouvoir annoncer qu&#8217;un franc donné à ASSEDA c&#8217;est un franc reversé aux projets. Pas de frais administratifs chez nous ! L&#8217;entier des dépenses est assumé à titre privé par les membres du Comité.</strong></em></p>

<p>ASSEDA a été créée à la fin de 1996, sur l&#8217;initiative de Monsieur Rémy Hirschy. De retour d&#8217;un voyage en Roumanie, et suite à une visite dans un orphelinat gouvernemental, Rémy Hirschy s&#8217;est trouvé submergé par l&#8217;ampleur du travail nécessaire pour venir en aide au centre d&#8217;accueil des enfants abandonnés… <a class="continue-reading-link" href="https://asseda.ch/?page_id=45">Continue reading</a></p>
