{"id":398,"date":"2024-03-27T08:19:29","date_gmt":"2024-03-27T07:19:29","guid":{"rendered":"https:\/\/asseda.ch\/?page_id=398"},"modified":"2024-03-27T08:19:29","modified_gmt":"2024-03-27T07:19:29","slug":"rapport-dactualites-2020-2021","status":"publish","type":"page","link":"https:\/\/asseda.ch\/?page_id=398","title":{"rendered":"Rapport d&#8217;actualit\u00e9s 2020-2021"},"content":{"rendered":"<p><strong>Refuge Juan XXIII, Colombie<br \/>\n<\/strong>L\u2019assembl\u00e9e a re\u00e7u des rapports r\u00e9guliers et complets concernant l\u2019activit\u00e9 du refuge. Les besoins restant inchang\u00e9s, il est propos\u00e9 de renouveler notre aide comme les ann\u00e9es pass\u00e9es. Sur explications de S. et J., qui s\u2019\u00e9taient rendues sur place fin 2019, nous demandons \u00e0 V. d\u2019affecter la somme de CHF 1&#8217;000 pour des achats de fournitures scolaires \u00e0 destination des \u00e9l\u00e8ves des \u00e9coles de San Antonio de Cacao (Amazonie p\u00e9ruvienne) N\u2019h\u00e9sitez pas \u00e0 visiter le site internet mis en place par V. : <a href=\"http:\/\/www.solectitos.ch.\">www.solectitos.ch.<\/a><\/p>\n<p><strong>Scolarisation d\u2019enfants au village des polios \u00e0 Makeni, Sierra Leone<\/strong><br \/>\nLes enfants \u00e9tant devenus adultes, le mandat d\u2019ASSEDA prend fin pour ce projet.<\/p>\n<p><strong>Apport de nourriture aux \u00e9l\u00e8ves de la Boarding School \u00e0 Makeni, Sierra Leone<\/strong><br \/>\nLes \u00e9l\u00e8ves de la Boarding School de Makeni ont repris l\u2019\u00e9cole en septembre 2020, suite \u00e0 la r\u00e9ouverture post-Covid. Les besoins sont toujours identiques et ASSEDA est l\u2019un des partenaires permettant aux enfants d\u2019avoir un repas quotidien.<\/p>\n<p><strong>Orphelinat La Providence, Kinshasa, RD Congo<\/strong><br \/>\nSuite \u00e0 un contr\u00f4le effectu\u00e9 sur place, il n\u2019a pas pu \u00eatre \u00e9tabli avec certitude s\u2019il y avait de nouveaux enfants en bas \u00e2ge, les pr\u00e9c\u00e9dents ayant atteint l\u2019\u00e2ge adulte. Dans l\u2019attente de plus de d\u00e9tails, il est propos\u00e9 de suspendre notre soutien.<\/p>\n<p><strong>Projet FACE, Le Caire, Egypte<\/strong><br \/>\nLa situation financi\u00e8re et sanitaire en Egypte s\u2019est encore p\u00e9jor\u00e9e depuis l\u2019ann\u00e9e pass\u00e9e et, suite \u00e0 une visite dans le pays de notre pr\u00e9sidente F., les besoins d\u2019aide s\u2019av\u00e8rent plus que jamais n\u00e9cessaires. L\u2019utilisation des fonds est toujours garantie.<\/p>\n<p><strong>Projet d\u2019aide aux enfants des rues de Dakar, S\u00e9n\u00e9gal<br \/>\n<\/strong>F., \u00e0 travers son association AfroRenn et son projet Karantaba Records, continue d\u2019aider les enfants des rues de Dakar en leur enseignant la musique, ainsi que des mati\u00e8res scolaires g\u00e9n\u00e9rales par le paiement du salaire d\u2019instituteurs. Aucun versement n\u2019a \u00e9t\u00e9 effectu\u00e9 en 2020, ann\u00e9e de fermeture pour cause de pand\u00e9mie, mais l\u2019\u00e9cole est \u00e0 nouveau ouverte et a besoin de notre aide.<\/p>\n<p><strong>Magbenteh Hospital, programme \u00ab UNDER 5 \u00bb, Sierra Leone<br \/>\n<\/strong>R. pr\u00e9sente un nouveau projet de financement : dans l\u2019h\u00f4pital de Magbenteh existe un programme appel\u00e9 \u00ab Under 5 \u00bb qui consiste \u00e0 hospitaliser des enfants de 0 \u00e0 5 ans fortement malnutris avec leur maman en leur procurant une alimentation parent\u00e9rale pour les remettre en sant\u00e9 et une \u00e9ducation nutritionnelle \u00e0 la maman. Ce projet a d\u00e9sesp\u00e9r\u00e9ment besoin de financement. L\u2019affectation des fonds est contr\u00f4l\u00e9e par R. qui s\u2019y rend r\u00e9guli\u00e8rement.<\/p>\n","protected":false},"excerpt":{"rendered":"<p>Refuge Juan XXIII, Colombie L\u2019assembl\u00e9e a re\u00e7u des rapports r\u00e9guliers et complets concernant l\u2019activit\u00e9 du refuge. Les besoins restant inchang\u00e9s, il est propos\u00e9 de renouveler notre aide comme les ann\u00e9es pass\u00e9es. Sur explications de S. et J., qui s\u2019\u00e9taient rendues sur place fin 2019, nous demandons \u00e0 V. d\u2019affecter la\u2026 <a class=\"continue-reading-link\" href=\"https:\/\/asseda.ch\/?page_id=398\">Continue reading<\/a><\/p>\n","protected":false},"author":3,"featured_media":0,"parent":0,"menu_order":0,"comment_status":"closed","ping_status":"closed","template":"","meta":{"footnotes":""},"class_list":["post-398","page","type-page","status-publish","hentry"],"_links":{"self":[{"href":"https:\/\/asseda.ch\/index.php?rest_route=\/wp\/v2\/pages\/398"}],"collection":[{"href":"https:\/\/asseda.ch\/index.php?rest_route=\/wp\/v2\/pages"}],"about":[{"href":"https:\/\/asseda.ch\/index.php?rest_route=\/wp\/v2\/types\/page"}],"author":[{"embeddable":true,"href":"https:\/\/asseda.ch\/index.php?rest_route=\/wp\/v2\/users\/3"}],"replies":[{"embeddable":true,"href":"https:\/\/asseda.ch\/index.php?rest_route=%2Fwp%2Fv2%2Fcomments&post=398"}],"version-history":[{"count":1,"href":"https:\/\/asseda.ch\/index.php?rest_route=\/wp\/v2\/pages\/398\/revisions"}],"predecessor-version":[{"id":399,"href":"https:\/\/asseda.ch\/index.php?rest_route=\/wp\/v2\/pages\/398\/revisions\/399"}],"wp:attachment":[{"href":"https:\/\/asseda.ch\/index.php?rest_route=%2Fwp%2Fv2%2Fmedia&parent=398"}],"curies":[{"name":"wp","href":"https:\/\/api.w.org\/{rel}","templated":true}]}}

Rapport d&#8217;actualités 2020-2021

<p><strong>Refuge Juan XXIII, Colombie<br />
</strong>L’assemblée a reçu des rapports réguliers et complets concernant l’activité du refuge. Les besoins restant inchangés, il est proposé de renouveler notre aide comme les années passées. Sur explications de S. et J., qui s’étaient rendues sur place fin 2019, nous demandons à V. d’affecter la somme de CHF 1&#8217;000 pour des achats de fournitures scolaires à destination des élèves des écoles de San Antonio de Cacao (Amazonie péruvienne) N’hésitez pas à visiter le site internet mis en place par V. : <a href="http://www.solectitos.ch.">www.solectitos.ch.</a></p>
<p><strong>Scolarisation d’enfants au village des polios à Makeni, Sierra Leone</strong><br />
Les enfants étant devenus adultes, le mandat d’ASSEDA prend fin pour ce projet.</p>
<p><strong>Apport de nourriture aux élèves de la Boarding School à Makeni, Sierra Leone</strong><br />
Les élèves de la Boarding School de Makeni ont repris l’école en septembre 2020, suite à la réouverture post-Covid. Les besoins sont toujours identiques et ASSEDA est l’un des partenaires permettant aux enfants d’avoir un repas quotidien.</p>
<p><strong>Orphelinat La Providence, Kinshasa, RD Congo</strong><br />
Suite à un contrôle effectué sur place, il n’a pas pu être établi avec certitude s’il y avait de nouveaux enfants en bas âge, les précédents ayant atteint l’âge adulte. Dans l’attente de plus de détails, il est proposé de suspendre notre soutien.</p>
<p><strong>Projet FACE, Le Caire, Egypte</strong><br />
La situation financière et sanitaire en Egypte s’est encore péjorée depuis l’année passée et, suite à une visite dans le pays de notre présidente F., les besoins d’aide s’avèrent plus que jamais nécessaires. L’utilisation des fonds est toujours garantie.</p>
<p><strong>Projet d’aide aux enfants des rues de Dakar, Sénégal<br />
</strong>F., à travers son association AfroRenn et son projet Karantaba Records, continue d’aider les enfants des rues de Dakar en leur enseignant la musique, ainsi que des matières scolaires générales par le paiement du salaire d’instituteurs. Aucun versement n’a été effectué en 2020, année de fermeture pour cause de pandémie, mais l’école est à nouveau ouverte et a besoin de notre aide.</p>
<p><strong>Magbenteh Hospital, programme « UNDER 5 », Sierra Leone<br />
</strong>R. présente un nouveau projet de financement : dans l’hôpital de Magbenteh existe un programme appelé « Under 5 » qui consiste à hospitaliser des enfants de 0 à 5 ans fortement malnutris avec leur maman en leur procurant une alimentation parentérale pour les remettre en santé et une éducation nutritionnelle à la maman. Ce projet a désespérément besoin de financement. L’affectation des fonds est contrôlée par R. qui s’y rend régulièrement.</p>

<p>Refuge Juan XXIII, Colombie L’assemblée a reçu des rapports réguliers et complets concernant l’activité du refuge. Les besoins restant inchangés, il est proposé de renouveler notre aide comme les années passées. Sur explications de S. et J., qui s’étaient rendues sur place fin 2019, nous demandons à V. d’affecter la… <a class="continue-reading-link" href="https://asseda.ch/?page_id=398">Continue reading</a></p>
