{"id":34,"date":"2014-09-07T16:00:40","date_gmt":"2014-09-07T15:00:40","guid":{"rendered":"http:\/\/asseda.ch\/?page_id=34"},"modified":"2024-04-18T09:33:20","modified_gmt":"2024-04-18T08:33:20","slug":"composition-du-comite","status":"publish","type":"page","link":"https:\/\/asseda.ch\/?page_id=34","title":{"rendered":"Notre Comit\u00e9"},"content":{"rendered":"<figure class=\"wp-block-table is-style-stripes\">\n<p><div id=\"attachment_531\" style=\"width: 646px\" class=\"wp-caption aligncenter\"><a href=\"https:\/\/asseda.ch\/wp-content\/uploads\/2024\/04\/comite-asseda.png\" data-rel=\"lightbox-image-0\" data-rl_title=\"\" data-rl_caption=\"\" title=\"\"><img loading=\"lazy\" decoding=\"async\" aria-describedby=\"caption-attachment-531\" class=\"wp-image-531\" src=\"https:\/\/asseda.ch\/wp-content\/uploads\/2024\/04\/comite-asseda.png\" alt=\"\" width=\"636\" height=\"336\" srcset=\"https:\/\/asseda.ch\/wp-content\/uploads\/2024\/04\/comite-asseda.png 938w, https:\/\/asseda.ch\/wp-content\/uploads\/2024\/04\/comite-asseda-300x158.png 300w, https:\/\/asseda.ch\/wp-content\/uploads\/2024\/04\/comite-asseda-768x405.png 768w, https:\/\/asseda.ch\/wp-content\/uploads\/2024\/04\/comite-asseda-663x350.png 663w, https:\/\/asseda.ch\/wp-content\/uploads\/2024\/04\/comite-asseda-150x79.png 150w\" sizes=\"(max-width: 636px) 100vw, 636px\" \/><\/a><p id=\"caption-attachment-531\" class=\"wp-caption-text\">De gauche \u00e0 droite, Sonja, Marie-Christine, Suzi, Florence, R\u00e9my et Ren\u00e9<\/p><\/div><\/figure>\n<figure class=\"wp-block-table is-style-stripes\">\n<h3><\/h3>\n<h3>Composition de notre comit\u00e9<\/h3>\n<table>\n<tbody>\n<tr>\n<td>Pr\u00e9sidente :<br \/>\n<strong>Florence Siegrist-Aubert<\/strong><br \/>\nroute de Choulex 217, CH-1244 Choulex<br \/>\nT\u00e9l.: 079-606 11 61<br \/>\nemail: <a href=\"mailto:florencesiegrist@hotmail.com\">florencesiegrist@hotmail.com\u00a0<\/a><\/td>\n<td><\/td>\n<td>Vice-pr\u00e9sident\u00a0:<br \/>\n<strong>Ren\u00e9 Ceratti<\/strong><br \/>\nchemin de Ch\u00e2tagner\u00e9az 3, CH-1186 Essertines s\/Rolle<br \/>\nT\u00e9l.: 079-230 65 19<br \/>\nemail: <a href=\"mailto:ceratti@bluewin.ch\">ceratti@bluewin.ch<\/a><\/td>\n<\/tr>\n<tr>\n<td>Secr\u00e9taire\u00a0:<br \/>\n<strong>Sonja R\u00e9thoret\u00a0<\/strong><br \/>\nchemin de Beau-Soleil 3, CH-1206 Gen\u00e8ve<br \/>\nT\u00e9l.: 079-409 08 06<br \/>\nemail: <a href=\"mailto:sonjahenin@hotmail.com\">\u00a0sonjahenin@hotmail.com<\/a><\/td>\n<td><\/td>\n<td>Tr\u00e9sori\u00e8re:<br \/>\n<strong>Marie-Christine Ceratti<\/strong><br \/>\nchemin de Ch\u00e2tagner\u00e9az 3, CH-1186 Essertines s\/Rolle<br \/>\nT\u00e9l.: 079-291 12 91<br \/>\nemail: <a href=\"mailto:ceratti@bluewin.ch\">ceratti@bluewin.ch<\/a><\/td>\n<\/tr>\n<tr>\n<td>Marketing et Communication\u00a0:<br \/>\n<strong>Alexie Ceratti<\/strong><br \/>\nT\u00e9l.: 079-817 69 06<br \/>\nemail: <a href=\"mailto:cerattialexie@hotmail.com\">cerattialexie@hotmail.com<\/a><\/td>\n<td><\/td>\n<td>Chef des projets\u00a0:<br \/>\n<strong>R\u00e9my Hirschy<\/strong><br \/>\nroute de Basse-Ruche 7, 1264 Saint-Cergue,<br \/>\nT\u00e9l.:079-624 43 04<br \/>\nemail: <a href=\"mailto:remyhirschy@gmail.com\">remyhirschy@gmail.com<\/a><\/td>\n<\/tr>\n<tr>\n<td><strong>Membres d&#8217;honneurs<\/strong><\/td>\n<td><\/td>\n<td><\/td>\n<\/tr>\n<tr>\n<td><strong>Suzi Tommasi<\/strong><br \/>\nrue des Doloires 35, 2063 Saules,<br \/>\nT\u00e9l.: 079-418 86 34<br \/>\nemail: <a href=\"mailto:suzi.tommasi@ch-mail.ch\">suzi.tommasi@ch-mail.ch<\/a><\/td>\n<td><\/td>\n<td><strong>R\u00e9my Hirschy<\/strong><br \/>\nroute de Basse-Ruche 7, 1264 Saint-Cergue,<br \/>\nT\u00e9l.:079-624 43 04<br \/>\nemail: <a href=\"mailto:remyhirschy@gmail.com\">remyhirschy@gmail.com<\/a><\/td>\n<\/tr>\n<tr>\n<td><\/td>\n<td><\/td>\n<td><\/td>\n<\/tr>\n<\/tbody>\n<\/table>\n<\/figure>\n<p>&nbsp;<\/p>\n","protected":false},"excerpt":{"rendered":"<p>Composition de notre comit\u00e9 Pr\u00e9sidente : Florence Siegrist-Aubert route de Choulex 217, CH-1244 Choulex T\u00e9l.: 079-606 11 61 email: florencesiegrist@hotmail.com\u00a0 Vice-pr\u00e9sident\u00a0: Ren\u00e9 Ceratti chemin de Ch\u00e2tagner\u00e9az 3, CH-1186 Essertines s\/Rolle T\u00e9l.: 079-230 65 19 email: ceratti@bluewin.ch Secr\u00e9taire\u00a0: Sonja R\u00e9thoret\u00a0 chemin de Beau-Soleil 3, CH-1206 Gen\u00e8ve T\u00e9l.: 079-409 08 06 email:\u2026 <a class=\"continue-reading-link\" href=\"https:\/\/asseda.ch\/?page_id=34\">Continue reading<\/a><\/p>\n","protected":false},"author":2,"featured_media":0,"parent":8,"menu_order":1,"comment_status":"closed","ping_status":"closed","template":"","meta":{"footnotes":""},"class_list":["post-34","page","type-page","status-publish","hentry"],"_links":{"self":[{"href":"https:\/\/asseda.ch\/index.php?rest_route=\/wp\/v2\/pages\/34"}],"collection":[{"href":"https:\/\/asseda.ch\/index.php?rest_route=\/wp\/v2\/pages"}],"about":[{"href":"https:\/\/asseda.ch\/index.php?rest_route=\/wp\/v2\/types\/page"}],"author":[{"embeddable":true,"href":"https:\/\/asseda.ch\/index.php?rest_route=\/wp\/v2\/users\/2"}],"replies":[{"embeddable":true,"href":"https:\/\/asseda.ch\/index.php?rest_route=%2Fwp%2Fv2%2Fcomments&post=34"}],"version-history":[{"count":24,"href":"https:\/\/asseda.ch\/index.php?rest_route=\/wp\/v2\/pages\/34\/revisions"}],"predecessor-version":[{"id":539,"href":"https:\/\/asseda.ch\/index.php?rest_route=\/wp\/v2\/pages\/34\/revisions\/539"}],"up":[{"embeddable":true,"href":"https:\/\/asseda.ch\/index.php?rest_route=\/wp\/v2\/pages\/8"}],"wp:attachment":[{"href":"https:\/\/asseda.ch\/index.php?rest_route=%2Fwp%2Fv2%2Fmedia&parent=34"}],"curies":[{"name":"wp","href":"https:\/\/api.w.org\/{rel}","templated":true}]}}