{"id":299,"date":"2019-05-08T17:29:51","date_gmt":"2019-05-08T16:29:51","guid":{"rendered":"https:\/\/asseda.ch\/?page_id=299"},"modified":"2019-05-08T17:29:58","modified_gmt":"2019-05-08T16:29:58","slug":"rapport-2016-2017","status":"publish","type":"page","link":"https:\/\/asseda.ch\/?page_id=299","title":{"rendered":"RAPPORT 2016-2017"},"content":{"rendered":"<p><strong><em>Refuge Juan XXIII, Colombie<\/em><\/strong><\/p>\n<p><em>V. G. nous a fait parvenir depuis la Colombie une lettre dont Florence fait la lecture et dont un exemplaire est \u00e0 disposition sur demande aupr\u00e8s de Florence Siegrist.<\/em><\/p>\n<p><em>Les pensionnaires sont toujours au nombre d\u2019environ 200 et ASSEDA a vers\u00e9 \u00e0 titre personnel\u00a0 30&#8217;000 frs entre 2016 et 2017 (en plus des dons priv\u00e9s re\u00e7us).<\/em><\/p>\n<p><em>L\u2019assembl\u00e9e vote \u00e0 l\u2019unanimit\u00e9 de continuer le soutien d\u2019ASSEDA dans le futur. Les montants seront d\u00e9cid\u00e9s en Comit\u00e9 au fur et \u00e0 mesure des besoins.<\/em><\/p>\n<p><strong><em>Projet d\u2019\u00e9cole primaire et orphelinat, Magbenteh, Sierra Leone<\/em><\/strong><\/p>\n<p><em>La construction de l\u2019\u00e9cole primaire est termin\u00e9e et les enfants ont effectu\u00e9 leur premi\u00e8re ann\u00e9e scolaire 2016-2017. Suite \u00e0 l\u2019assembl\u00e9e g\u00e9n\u00e9rale 2016, le Comit\u00e9 a attribu\u00e9 un don mensuel de 600 frs pour la nourriture, le mat\u00e9riel scolaire et les uniformes des 150 \u00e0 200 \u00e9coliers. Le besoin mensuel total est de 10&#8217;000 frs, d\u2019autres associations sont \u00e9galement engag\u00e9es.<\/em><\/p>\n<p><em>La construction de l\u2019orphelinat a commenc\u00e9 sur le m\u00eame terrain. Elle est principalement financ\u00e9e par une association allemande (Appel Deutschland).<\/em><\/p>\n<p><em>L\u2019assembl\u00e9e vote \u00e0 l\u2019unanimit\u00e9 de continuer notre soutien \u00e0 raison de 600 frs par mois.<\/em><\/p>\n<p><strong><em>Orphelinat La Providence, Kinshasa, RD Congo<\/em><\/strong><\/p>\n<p><em>Nous avons continu\u00e9 \u00e0 verser 1&#8217;100 frs par mois pour l\u2019entretien complet des 11 enfants et le salaire des 4 encadreurs \u00e0 l\u2019orphelinat la Providence. ASSEDA couvre 100% des besoins de ce petit \u00e9tablissement.<\/em><\/p>\n<p><em>Apr\u00e8s le d\u00e9part d\u2019O., nous n\u2019avions plus d\u2019interm\u00e9diaire pour faire transiter notre argent\u00a0; mais apr\u00e8s toutes ces ann\u00e9es et sur les recommandations d\u2019O., nous avons vers\u00e9 directement l\u2019argent sur le compte de la directrice. Cette derni\u00e8re, nous fait toujours des rapports financiers mensuels tr\u00e8s complets et des photos et nouvelles r\u00e9guli\u00e8res des enfants.<\/em><\/p>\n<p><em>L\u2019assembl\u00e9e vote \u00e0 l\u2019unanimit\u00e9 de continuer ce projet sur les m\u00eames bases que les ann\u00e9es pr\u00e9c\u00e9dentes.<\/em><\/p>\n<p><strong><em>Scolarisation d\u2019enfants au village des polios \u00e0 Magbenteh, Sierra Leone<\/em><\/strong><\/p>\n<p><em>Suite \u00e0 l\u2019assembl\u00e9e g\u00e9n\u00e9rale 2016, ASSEDA a vers\u00e9 1&#8217;500 frs pour l\u2019ann\u00e9e scolaire 2016-2017 des 20 enfants du village polio. Dix en \u00e9cole primaire et dix en \u00e9cole secondaire.<\/em><\/p>\n<p><em>En 2016, nous avons rencontr\u00e9 personnellement sur place chacun des 20 enfants et avons re\u00e7u leurs bulletins scolaires.<\/em><\/p>\n<p><em>L\u2019assembl\u00e9e vote \u00e0 l\u2019unanimit\u00e9 de payer 1&#8217;500 frs pour l\u2019ann\u00e9e scolaire 2017-2018.<\/em><\/p>\n<p><em><strong>Aide ponctuelle au projet d\u2019appui nutritionnel, Port-de-Paix, Ha\u00efti<\/strong><\/em><\/p>\n<p><em>L\u2019assembl\u00e9e 2016 avait vot\u00e9 une aide de 8&#8217;200 frs pour financer une nouvelle cure nutritionnelle suite aux d\u00e9sastres naturels subis dans ce pays. Nous avons re\u00e7u un rapport complet et des photos de ce projet termin\u00e9.<\/em><\/p>\n<p><em>Toutefois, ASSEDA a re\u00e7u une nouvelle demande pour reconstruire l\u2019\u00e9cole des enfants\u00a0 de Mahoni\u00e8re, ravag\u00e9e par un ouragan.<\/em><\/p>\n<p><em>L\u2019assembl\u00e9e vote \u00e0 l\u2019unanimit\u00e9 le budget n\u00e9cessaire de 6&#8217;300 francs pour financer ce troisi\u00e8me projet.<\/em><\/p>\n<p><strong><em>Aide ponctuelle au projet FACE, Le Caire, Egypte<\/em><\/strong><\/p>\n<p><em>En 2016, l\u2019assembl\u00e9e avait d\u00e9cid\u00e9 d\u2019octroyer 5&#8217;500 frs pour l\u2019achat de lave-linge et m\u00e9dicaments pour l\u2019orphelinat du quartier Maadi, au Caire. Ces achats ont \u00e9t\u00e9 faits et les justificatifs envoy\u00e9s par la directrice F.<\/em><\/p>\n<p><em>Une nouvelle demande de soutien nous est parvenue en f\u00e9vrier 2017 pour un total de 10&#8217;000 frs, couvrant des achats de m\u00e9dicaments et autres mat\u00e9riels, ainsi que des ressources humaines en appoint m\u00e9dical.<\/em><\/p>\n<p><em>L\u2019assembl\u00e9e vote \u00e0 l\u2019unanimit\u00e9 un soutien de 5&#8217;000 frs pour cette nouvelle demande.<\/em><\/p>\n<p><strong><em>Projet d\u2019aide aux enfants des rues de Dakar, S\u00e9n\u00e9gal<\/em><\/strong><\/p>\n<p><em>R\u00e9my nous parle de l\u2019association de son fils \u00e0 Dakar, nomm\u00e9e AfroRenn, qui avec son projet Karantaba Records cherche \u00e0 sortir des enfants de la rue \u00e0 travers l\u2019apprentissage de la musique. Ce projet est encore en d\u00e9marrage et reste une information.<\/em><\/p>\n<p><em>Nous attendons plus de nouvelles pour prendre une d\u00e9cision.<\/em><\/p>\n","protected":false},"excerpt":{"rendered":"<p>Refuge Juan XXIII, Colombie V. G. nous a fait parvenir depuis la Colombie une lettre dont Florence fait la lecture et dont un exemplaire est \u00e0 disposition sur demande aupr\u00e8s de Florence Siegrist. Les pensionnaires sont toujours au nombre d\u2019environ 200 et ASSEDA a vers\u00e9 \u00e0 titre personnel\u00a0 30&#8217;000 frs\u2026 <a class=\"continue-reading-link\" href=\"https:\/\/asseda.ch\/?page_id=299\">Continue reading<\/a><\/p>\n","protected":false},"author":2,"featured_media":0,"parent":0,"menu_order":0,"comment_status":"closed","ping_status":"closed","template":"","meta":{"footnotes":""},"class_list":["post-299","page","type-page","status-publish","hentry"],"_links":{"self":[{"href":"https:\/\/asseda.ch\/index.php?rest_route=\/wp\/v2\/pages\/299"}],"collection":[{"href":"https:\/\/asseda.ch\/index.php?rest_route=\/wp\/v2\/pages"}],"about":[{"href":"https:\/\/asseda.ch\/index.php?rest_route=\/wp\/v2\/types\/page"}],"author":[{"embeddable":true,"href":"https:\/\/asseda.ch\/index.php?rest_route=\/wp\/v2\/users\/2"}],"replies":[{"embeddable":true,"href":"https:\/\/asseda.ch\/index.php?rest_route=%2Fwp%2Fv2%2Fcomments&post=299"}],"version-history":[{"count":1,"href":"https:\/\/asseda.ch\/index.php?rest_route=\/wp\/v2\/pages\/299\/revisions"}],"predecessor-version":[{"id":300,"href":"https:\/\/asseda.ch\/index.php?rest_route=\/wp\/v2\/pages\/299\/revisions\/300"}],"wp:attachment":[{"href":"https:\/\/asseda.ch\/index.php?rest_route=%2Fwp%2Fv2%2Fmedia&parent=299"}],"curies":[{"name":"wp","href":"https:\/\/api.w.org\/{rel}","templated":true}]}}